5*t - 2*y - 928 = 0, 20 = y - 6*y. What is the greatest common divisor of 69 and t?
23
Suppose -3*g - 9*r + 4 = -10*r, 0 = 5*r - 10. Suppose 4*b - b - g*o = 28, -56 = -5*b + o. What is the greatest common factor of 18 and b?
6
Suppose -d + 171 = 4*v, -4*v - 41 + 227 = -2*d. Suppose -2*c + 5 = -c, x + 1 = c. Calculate the highest common factor of v and x.
4
Let u(p) = -2*p**3 - p**2 - p - 4. Let h be u(-4). Let r = -25 - -41. What is the highest common factor of h and r?
16
Suppose -3*v + 19 = -5*z, -5*v + 0*z = -5*z - 35. Let b be 2/v + (-1149)/(-12). Let y = 401 - 389. What is the greatest common factor of b and y?
12
Let d(q) = q**3 - 10*q**2 - 8*q + 28. Let u be d(12). What is the highest common factor of u and 55?
55
Let y(d) be the first derivative of 10*d + 7/2*d**2 + 2 - 1/3*d**3. Let o be y(7). What is the highest common divisor of 4 and o?
2
Let i = -337 + 772. Suppose 9*s - i = 15. Calculate the highest common factor of s and 20.
10
Let f be 1/((-28)/(-8) + -4). Let h be 1*(-5)/10 - 25/f. What is the highest common divisor of 48 and h?
12
Let d(i) = -i**3 - 17*i**2 - 17*i - 18. Let s be d(-16). Let t(b) = -9*b**3 - 2*b**2 - 2*b + 2. Let o be t(s). What is the greatest common factor of 28 and o?
14
Suppose 0 = -2*m - 4*y - 14 + 268, m + 4*y = 119. Calculate the greatest common factor of 30 and m.
15
Let y be (-8)/(2 - -2) - -2. Suppose 2*i - 15 + 1 = y. Calculate the greatest common factor of 7 and i.
7
Let n be 2 - (-6 + (-7 - 203) + -1). Calculate the highest common factor of n and 803.
73
Let y be (156/(-15) - -20)*20/6. Suppose 3*f + 2*f = 5*h - 10, -4*f = 4*h - 24. Calculate the highest common factor of h and y.
4
Let k be 0 + 149 - (23 - 24). Calculate the highest common divisor of 400 and k.
50
Let n = 19 + -11. Let s be 11*-2*4/n. Let r be s/(-2 + 6/4). Calculate the highest common factor of r and 33.
11
Let l = -3 - -7. Suppose 0 = -10*d + 2099 - 2039. Calculate the greatest common factor of d and l.
2
Let v be 2*(-4)/8*-287. Let d be (-8)/12 - v/(-3). Suppose -3*q - 165 = -4*o, 0 = -4*o + 2*o - q + d. What is the highest common divisor of 9 and o?
9
Let i = -69 + 144. Let h(z) = -4*z + 35 + 6*z - 3*z. Let p be h(10). What is the greatest common factor of i and p?
25
Suppose 86*q - 20 = 91*q. Let g be q/((-3)/((-126)/(-4))). What is the highest common divisor of 6 and g?
6
Suppose -y = -4*p - 33, 78 = 4*y + p - 3. Calculate the greatest common divisor of y and 84.
21
Let h be (-120)/(-40)*1/12*44. What is the highest common divisor of h and 2?
1
Suppose -3048*l = -3050*l + 44. Calculate the greatest common divisor of l and 737.
11
Let u(o) = 5*o**2 + 24*o + 10. Let m be u(-6). Calculate the greatest common divisor of 598 and m.
46
Suppose 2*c + c - 2*v - 64 = 0, -27 = -c - 5*v. Suppose 0 = 2*j - 33 - 77. What is the greatest common divisor of j and c?
11
Suppose 20*f - 106 = 74. What is the highest common divisor of f and 3879?
9
Let u be -15 + 20 + (1 + 0 - 0). Let o be (-900)/(-14) - (24/14)/u. What is the highest common factor of o and 4?
4
Let l(k) = k + 65. Suppose 3*v - 3 = 4*y + 2*v, 5*y = -v + 3. Let j be l(y). Calculate the greatest common divisor of 26 and j.
13
Let f be (-83)/(-3) + 1/3. Let u = 13 + -6. What is the greatest common divisor of u and f?
7
Let v = 381 + -221. Let g = -26 + 36. Calculate the greatest common divisor of v and g.
10
Let k(v) be the third derivative of v**5/60 + v**4/4 + 4*v**3/3 + 12*v**2. Let q be k(-6). What is the greatest common factor of 56 and q?
8
Suppose -10 = -z - 3. Let y = 14 - 12. Let t be (-3)/6 - (-15)/y. What is the highest common factor of z and t?
7
Let y be (-1230)/(-4) - (-2)/4. Let m be (y/(-5))/(12/(-60)). Suppose 5*r - m = r. What is the greatest common divisor of r and 11?
11
Suppose 4*b - s - 4 = 0, 6*s - 30 = -5*b + s. Suppose -2*a + 5*a - 2*i = 84, -43 = -b*a - 3*i. What is the highest common divisor of 26 and a?
26
Let w(h) = 38*h - 1. Let i be w(2). Let g = -309 + 324. Calculate the greatest common divisor of i and g.
15
Let j(r) = 104*r - 45. Let v be j(9). Suppose 15*i - v = -81. Calculate the greatest common divisor of i and 27.
27
Suppose 0 = a + 3*a - 5*y - 32, 0 = a - 3*y - 8. Let i = 7 + a. What is the highest common divisor of 3 and i?
3
Let y be -17*(-2)/6*57. Calculate the highest common divisor of 17 and y.
17
Let p be 2/(3 + -4 - -2). Let q be (-1)/p*0/6. Suppose r + 7 - 22 = q. What is the highest common divisor of 135 and r?
15
Let p = 1734 + -1629. What is the highest common divisor of 39 and p?
3
Suppose 0 = -4*b + 11 + 117. Calculate the highest common factor of 16 and b.
16
Suppose 2*g + 205 = 239. Suppose n + m = 35, -8*m = -3*m - 5. Calculate the greatest common factor of g and n.
17
Suppose -14*g + 60 = -52. Let q be 1/(3/6) + 86. Calculate the highest common factor of q and g.
8
Let q(v) = -4*v - 12. Suppose 0 = 2*l - 3*l + 4. Suppose -9 + 33 = -l*w. Let s be q(w). Calculate the greatest common divisor of s and 30.
6
Let x = 778 + -776. What is the highest common divisor of 38 and x?
2
Let y(q) = -q**3 - q**2 + 5*q + 2. Let l be y(-3). Let a(v) = 4 + l*v + 9*v**2 - v**2 - 6*v**2. Let z be a(-3). What is the greatest common divisor of z and 7?
7
Suppose -4*y - 599 = -r, r - 3*r + y = -1177. Suppose 5*w - r = -62. Suppose 20*z - 18*z - 42 = 0. What is the highest common factor of w and z?
21
Let w = -1671 + 1786. Calculate the greatest common divisor of 55 and w.
5
Let u = 117 - 17. Suppose 0 = v + 261 - 39. Let a be v/(-11) + 14/(-77). What is the greatest common divisor of u and a?
20
Suppose 22 = -3*y + 5*i + 363, -5*i = 3*y - 361. What is the greatest common factor of y and 13?
13
Let r be (-21080)/(-185) + 36/666. What is the greatest common factor of 54 and r?
6
Let c(m) = 8*m**2 + 102*m - 5. Let f be c(-13). Calculate the greatest common factor of 161 and f.
7
Suppose 0 = -17*a + 7496 + 5118. Calculate the greatest common divisor of a and 318.
106
Let m = -1356 - -1676. Calculate the highest common divisor of 880 and m.
80
Let f = 28 + -12. Let b = -56 - -36. Let w be (-2228)/b - (-3)/5. What is the highest common factor of f and w?
16
Let j be -273*(-9)/9*2. Calculate the greatest common factor of j and 78.
78
Let p = 151 - 133. Suppose -2*l + p = l. What is the greatest common divisor of l and 24?
6
Suppose b - 5*w + 0*w = 11, 0 = 2*w - 4. Let m = b - 19. What is the greatest common divisor of 10 and m?
2
Let s(r) = 3*r**2 - 27*r - 106. Let k be s(18). What is the highest common divisor of 304 and k?
76
Suppose 3*w - 678 + 642 = 0. Calculate the greatest common divisor of w and 708.
12
Let k(x) = 10*x**2 + 1 - 2 + 119*x**2 + 29*x**2 - 3*x. Let l be k(-1). What is the greatest common factor of 32 and l?
32
Let m = 5 + 4. Let j be 12*-2*(-6)/m. Calculate the highest common divisor of 24 and j.
8
Suppose s = 3*k + 75, 2*s - 3*k - 46 = 113. What is the highest common factor of 196 and s?
28
Suppose 16*n - 25*n + 140 = 4*b, -3*n - 5*b + 43 = 0. What is the greatest common divisor of n and 8?
8
Let s be (10 + 0)/(0 + -1). Let u be ((-12)/(-5))/((-2)/s). Let n be (-6 - -4) + -3 + 101. What is the highest common factor of u and n?
12
Let g be (1 + 91/(-7))/((-2)/159). What is the highest common factor of g and 18?
18
Let w(j) = -j**2 - 26*j - 157. Let h be w(-13). Calculate the highest common factor of 1212 and h.
12
Let g(k) = 13*k + 12. Let x(z) = 2*z - 12. Let v be x(9). Let q be g(v). Suppose -3*i = -4*i + q. Calculate the greatest common factor of 9 and i.
9
Suppose 324 = 11*w - 391. Calculate the greatest common divisor of 533 and w.
13
Suppose -14*j + 551 = 271. Let w = -38 - -138. What is the highest common divisor of j and w?
20
Let g = -531 - -657. Calculate the highest common factor of 54 and g.
18
Suppose 2*n - 3*c = 11 - 34, 2*c = -n - 8. Let m = 19 + n. Suppose m = 5*v - 61. Calculate the highest common factor of v and 126.
14
Let a be (-3 + 2)*4*(-14)/8. Suppose -a*z + 1386 = 4*z. Calculate the greatest common factor of z and 14.
14
Let t = 5 + 13. What is the highest common divisor of 81 and t?
9
Suppose -c = 5, -p + 8355 = 4*p + 2*c. Let s = p + -1183. Suppose -u - u - s = -4*z, 2*z = -5*u + 275. Calculate the greatest common factor of 25 and z.
25
Let n = -136 + 208. Calculate the greatest common factor of n and 18.
1